et y be f(9). Suppose 24*i - 43930 = -y*i. What are the prime factors of i?
5, 191
Let h(k) be the second derivative of 20*k + 0 + 0*k**3 + 1/2*k**2 + 17/6*k**4. List the prime factors of h(1).
5, 7
Suppose 0 = d + 8*g - 3*g - 7, 5*g = 25. Let q be d/(4/(-2)) + -5. Suppose -3*u - 3 = -6*u, -3*z - q*u + 883 = 0. List the prime factors of z.
293
Let b = 6659 - 3575. List the prime factors of b.
2, 3, 257
Suppose v + 59 = -o + 17615, v = -7. What are the prime factors of o?
7, 13, 193
Suppose -3*t + 14 = 611. Suppose n - 107 = 2*n. Let b = n - t. What are the prime factors of b?
2, 23
Suppose 64775 = 4*r - 2*q + 18377, 5*r - 58005 = 4*q. What are the prime factors of r?
11597
Suppose 0 = -g + 3*l - 1 - 15, 0 = g + 3*l - 8. Let o be 5 - (g - (-6 + 1)). Suppose o*t - 271 = -3*s + 6*t, s = t + 90. List the prime factors of s.
7, 13
Suppose -5*h - 3*n = 158, n + n = 3*h + 110. Let t = -141 + 205. Let z = t - h. List the prime factors of z.
2, 7
Let l = 1034 + -3576. Let v = -1806 - l. What are the prime factors of v?
2, 23
Let k be (3235/(-5) - -2)*(0 + -1). Suppose 5*f + 0*f = k. Suppose 19 - f = -m. List the prime factors of m.
2, 5, 11
Suppose -2268*c + 4316232 = -2126*c. List the prime factors of c.
2, 3, 17, 149
Suppose -5*j = -5*i - 135, -54 = 2*i + 4*j - 5*j. Let m = i - -311. What are the prime factors of m?
2, 71
Suppose -4*z = -c + 6*c - 64, 0 = -4*c. Let x(y) = y**2 - 2*y**2 + 4 + 19*y - 7 + 44. List the prime factors of x(z).
89
Suppose 6*j + 5*x - 57524 = 3*j, 4*j = 3*x + 76747. List the prime factors of j.
19183
Suppose -y - 60 = -53. Let d(s) be the third derivative of 2*s**5/15 + 17*s**4/24 - 7*s**3/3 - 3*s**2. What are the prime factors of d(y)?
7, 37
Let b(d) = -d**2 - 9*d + 56. Let z be b(-13). Suppose -z*m + 1370 = -2*f, 3*m = 8*f - 9*f + 1020. List the prime factors of m.
11, 31
Let f be 1*(-3)/2 - 534/(-12). Let l = 46 - f. Suppose 3*z + w = 202, l*z + 0*w + 5*w - 194 = 0. List the prime factors of z.
2, 17
Let b = 2 + 13. Let w = 2461 - 2459. Suppose -w*l = -11 - b. List the prime factors of l.
13
Suppose -73*w = -188*w - 264*w + 7400354. What are the prime factors of w?
2, 13, 751
Suppose -5*d - 4*n + 18238 = 0, -3*n + 3808 = d + 167. List the prime factors of d.
2, 5, 73
Suppose 27425 = 5*d - 2*d + 5*c, -2*d - 3*c + 18285 = 0. What are the prime factors of d?
2, 3, 5, 61
Suppose -131*f = -128*f - 4*y - 7583, 3*f = 2*y + 7579. List the prime factors of f.
5, 101
Suppose 7*m - 2*m = 0. Suppose m = -4*v + 2*s + 86 + 90, 0 = 2*v - 3*s - 92. Let x = v + 10. List the prime factors of x.
53
Suppose -19*s - 14*s = -787826 - 681730. What are the prime factors of s?
2, 3, 1237
What are the prime factors of 24*(-4)/(-32)*4530 + -2?
2, 43, 79
Let l = 10082 + -4843. What are the prime factors of l?
13, 31
Let b = 8025 + 13359. List the prime factors of b.
2, 3, 11
Let d = 84508 + -47266. List the prime factors of d.
2, 3, 2069
Let u(f) = -f**3 - f**2 + 5*f + 6. Let l be u(-3). Let g(o) = 5*o**3 - 2*o**2 - 22 + l + 5*o + 15. What are the prime factors of g(2)?
2, 11
Let p(l) = 6*l**3 + 2*l**2 + 14*l - 3. Let j(w) = 5*w**3 + w**2 + 13*w - 5. Let s(h) = 7*j(h) - 6*p(h). What are the prime factors of s(-7)?
2
Let p = -21 - 2. Let k = p + 28. List the prime factors of k*2/5 + 172.
2, 3, 29
List the prime factors of (19136/(-312))/((-1)/(891/6)).
2, 3, 11, 23
Suppose 4*x + 2*u - 2207 = -263, -10 = 5*u. Let k = x - 205. List the prime factors of k.
2, 3, 47
Suppose c + 0*c - 5 = -p, -2*c - 20 = -4*p. Let y(d) = 12*d - 10. Let x be y(4). Suppose -l + x = -p. List the prime factors of l.
43
Let a(i) = 8*i**3 - 7*i**3 + 14 + 8*i - 6*i**2 - 6*i**2 + 21. What are the prime factors of a(15)?
2, 5, 83
Let x(h) = 10*h**2 + 6*h - 16. Let t be x(7). Let d = 2022 + -1277. Let c = d - t. What are the prime factors of c?
229
Let d(p) = -2*p**2 + 123*p - 17. Let i be d(61). Let n = 18 + 28. Suppose i*x + 184 = n*x. What are the prime factors of x?
2, 23
Let r(x) = 5*x + 62*x**2 - x - 46*x**2 + 5*x - 2 + 92*x**2. List the prime factors of r(3).
997
Let y(o) = -501*o + 441. List the prime factors of y(-31).
2, 3, 11
Let x = -198 + -3. Suppose -2*g = 2*q - 800, 3*q + q = 5*g + 1600. Let n = x + q. What are the prime factors of n?
199
Let u(h) = 1360*h + 155. List the prime factors of u(5).
5, 13, 107
Let z(b) = b**3 + 6*b**2 + 3. Let p be z(-6). Let m(h) = 124*h - 19. List the prime factors of m(p).
353
Let s(l) = 3196*l**3 - l**2 - 137*l + 277. What are the prime factors of s(2)?
37, 691
Suppose 3*s - t - 35805 = 0, -s + 18*t + 11928 = 20*t. What are the prime factors of s?
2, 3, 13, 17
Let k(n) = 5*n - 8. Let l be k(1). Let f(g) = -12*g**2 - 2*g + 3. Let q be f(l). Let a = 222 + q. List the prime factors of a.
3, 41
Let c = -492 - -496. Suppose 0 = c*u - 1931 + 411. List the prime factors of u.
2, 5, 19
Suppose 42498 + 21717 = 45*n. Let y = 36 + n. What are the prime factors of y?
7, 11, 19
Suppose -5*l - 774 = -194. Let v = -108 - l. What are the prime factors of 2/7 + (12864/7)/v?
2, 5, 23
Let j(u) = -u**3 - 7*u**2 + 3*u + 9. Let h be j(-7). Let k(r) = 2*r**2 - 10*r + 7. What are the prime factors of k(h)?
5, 83
List the prime factors of (-29)/522*-9 - -2*(-80694)/(-8).
2, 7, 11, 131
Let j = -2208 - -7385. What are the prime factors of j?
31, 167
Suppose 4*f - 49098 = -3*p, 3*f - 2253*p + 2258*p = 36807. List the prime factors of f.
3, 4093
Suppose 2*p + 3*p - 5*h = 25, -2*p - 3*h = -5. Suppose -p*q - b + 39 = 0, -5 + 21 = q - b. What are the prime factors of 30*1*q/3?
2, 5, 11
Suppose -351225 = -10*h - 5*h. What are the prime factors of h?
3, 5, 7, 223
Suppose 2670847 = 46*z - 1050369. List the prime factors of z.
2, 79
Suppose 446*d - 445*d + 1810 = 0. Let v = -613 - d. What are the prime factors of v?
3, 7, 19
Let d(l) = 4598*l - 6522. What are the prime factors of d(11)?
2, 5507
Let q(y) = 187*y**2 - y - 1. Let k be 18/153 - (-30)/34. What are the prime factors of q(k)?
5, 37
Let r be ((-84)/15)/7*-5. Let s be (0 - (-15)/(-6))/((-1)/r). Let l(d) = -2*d**3 + 22*d**2 - 13*d - 11. List the prime factors of l(s).
59
Let q(a) = a + 36. Let j be q(-18). Let z(y) = 4*y + j*y + 18*y + 22 - 9. List the prime factors of z(4).
173
Let m(g) = 2*g**3 + 13*g**2 - 6*g + 12. Let t be m(-7). Suppose -4*p + 4*q + 1804 = 0, 3*p + 459 = -t*q + 1828. What are the prime factors of p?
3, 151
Let w(y) = 15*y - 3. Let o be (2 - -3)*(-28)/20. Let s(r) = 22*r - 5. Let b(h) = o*w(h) + 5*s(h). List the prime factors of b(5).
3, 7
Let i = -40 - -56. Let c(d) = 5*d + i*d + 2*d - 9. List the prime factors of c(2).
37
Let n = 1 + -9. Let j be (3/(-1))/(-4 - 20/n). Suppose 4*z = 3*x - 112 + 515, x - 189 = -j*z. What are the prime factors of z?
97
Let o = -228 - -228. Let d = 435 - o. What are the prime factors of d?
3, 5, 29
Let l(i) = 628*i + 6587. List the prime factors of l(-6).
2819
Let j = 21 + -19. Suppose 0 = -2*h + 5*h + j*x - 169, 12 = -3*x. Let m = 130 - h. List the prime factors of m.
71
Let x(h) = h**3 - 4*h**2 + 2*h + 5. Let y be x(3). Suppose y*z = z. Suppose 4*w - 48 - 128 = z. List the prime factors of w.
2, 11
Let j = 487 + -488. List the prime factors of j/(15245/(-1905) + 8).
3, 127
What are the prime factors of (-1)/((-16)/35496) - 20/8?
2, 277
What are the prime factors of 4/((-8)/(-47538)) + -9 + 21 + -7?
2, 11887
Let w(a) = 68*a + 2. Let b(c) = c**2 - 16*c + 24. Let x be b(8). Let m = 42 + x. What are the prime factors of w(m)?
2, 3, 23
Let x(q) = 27*q**2 + 110*q + 3170. List the prime factors of x(-27).
59, 337
Let a(u) be the second derivative of 3*u**5/20 + 11*u**4/12 - 5*u**3/3 - 7*u**2/2 + 102*u + 1. List the prime factors of a(6).
977
What are the prime factors of 1/((-22)/12) + (-2419320)/(-165) + -29?
14633
Suppose p + 2*p + m = -119, 0 = 5*p - m + 193. Let o = p - -41. List the prime factors of -2 - (-426)/o - 5.
2, 103
Let j(o) = o**3 - 20*o**2 - 191*o + 770. List the prime factors of j(36).
2, 5, 7, 11, 19
What are the prime factors of (-146)/1095 + (47297/15 - -3)?
2, 3, 263
Suppose 6*h = 3625 - 1459. Let b = h + 521. What are the prime factors of b?
2, 3, 7
Let v(q) = 62*q + 309. Let x be v(-5). Let g(d) = -1316*d + 3. What are the prime factors of g(x)?
1319
Let l(j) = 613*j**3 + 6*j**2 + j - 3. Let z(q) = 613*q**3 + 5*q**2 + 2*q - 4. Let t(u) = 